a factor of 11636640?
False
Is 18 a factor of 28548?
True
Does 339 divide 2332320?
True
Is 90 a factor of 269689?
False
Does 118 divide 13323204?
False
Is 25 a factor of 4388479?
False
Does 25 divide 1254350?
True
Is 77570 a multiple of 9?
False
Is 107996 a multiple of 58?
True
Is 82 a factor of 4634148?
True
Does 5 divide 119537?
False
Is 8603294 a multiple of 594?
False
Does 80 divide 210673?
False
Is 74745 even?
False
Is 529 a factor of 254723?
False
Is 57 a factor of 2271080?
False
Does 36 divide 400716?
True
Does 19 divide 5859068?
True
Is 2157 a factor of 36232623?
False
Does 56 divide 145052?
False
Is 9 a factor of 5148494?
False
Is 2740276 a multiple of 124?
True
Is 1200 a factor of 6616800?
True
Is 508269 a multiple of 703?
True
Is 113 a factor of 1876591?
True
Is 7369586 a multiple of 561?
False
Is 815007 a multiple of 20?
False
Is 7832 a multiple of 31?
False
Does 3 divide 11203?
False
Is 79 a factor of 735490?
True
Is 10146561 a multiple of 303?
True
Is 41349 a multiple of 11?
True
Is 329275 a multiple of 25?
True
Does 51 divide 248683?
False
Does 39 divide 880581?
True
Is 228 a factor of 18142?
False
Does 67 divide 125929?
False
Is 44 a factor of 8587700?
True
Is 1500513 a multiple of 21?
True
Is 3298945 a multiple of 272?
False
Is 5717957 a multiple of 61?
True
Is 760085 a multiple of 15?
False
Does 28 divide 364172?
False
Is 51893 a multiple of 24?
False
Is 15 a factor of 68865?
True
Is 33 a factor of 392634?
True
Does 178 divide 223390?
True
Is 3 a factor of 105427?
False
Does 481 divide 1431?
False
Is 29470815 a multiple of 957?
True
Is 470 a factor of 378350?
True
Is 551760 a multiple of 242?
True
Is 312858 a multiple of 63?
True
Is 30 a factor of 1180687?
False
Is 33876 a multiple of 10?
False
Does 126 divide 243558?
True
Is 3 a factor of 452683?
False
Is 471267 a multiple of 152?
False
Is 109 a factor of 4595222?
True
Does 45 divide 1039952?
False
Does 11 divide 21604?
True
Is 60020 a multiple of 17?
False
Does 524 divide 10824792?
True
Is 5826434 a multiple of 1566?
False
Is 194200 a multiple of 20?
True
Is 2432581 a multiple of 91?
False
Does 46 divide 498594?
True
Is 809045 a multiple of 52?
False
Is 391583 a multiple of 7?
False
Is 193 a factor of 1401232?
False
Is 2075609 a multiple of 73?
True
Does 298 divide 5589884?
True
Does 58 divide 6812886?
False
Is 14 a factor of 2948736?
True
Is 11 a factor of 3350325?
True
Is 22185666 a multiple of 65?
False
Is 631 a factor of 4110334?
True
Is 881 a factor of 61670?
True
Does 12 divide 35509188?
True
Does 288 divide 13289566?
False
Does 268 divide 1363702?
False
Does 129 divide 206262?
False
Is 47553 a multiple of 744?
False
Is 11740562 a multiple of 521?
False
Is 13 a factor of 78325?
True
Is 346456 a multiple of 31?
True
Does 39 divide 6704107?
False
Is 314 a factor of 2776388?
True
Does 80 divide 488960?
True
Is 252 a factor of 191301?
False
Does 193 divide 2245957?
False
Is 9355068 a multiple of 36?
True
Is 79 a factor of 4227211?
True
Is 14 a factor of 947242?
False
Does 33 divide 23722?
False
Is 32 a factor of 732677?
False
Is 401248 a multiple of 8?
True
Does 311 divide 24569?
True
Does 31 divide 3124539?
False
Is 82 a factor of 55380?
False
Is 37138 a multiple of 8?
False
Is 87398 a multiple of 179?
False
Is 302895 a multiple of 6?
False
Does 101 divide 559832?
False
Does 92 divide 30360?
True
Is 4 a factor of 98904?
True
Does 166 divide 171312?
True
Does 16 divide 5872?
True
Is 4616353 a multiple of 53?
True
Is 138 a factor of 2274792?
True
Is 5536456 a multiple of 281?
False
Does 34 divide 18703356?
False
Is 1587950 a multiple of 13?
True
Is 6 a factor of 5982?
True
Is 145 a factor of 2163787?
False
Is 405639 a multiple of 4?
False
Is 26 a factor of 3944980?
True
Does 46 divide 1062792?
False
Is 11 a factor of 8502359?
False
Is 1989300 a multiple of 380?
True
Is 611340 a multiple of 3?
True
Is 30 a factor of 607213?
False
Is 94669 a multiple of 137?
False
Is 679304 a multiple of 342?
False
Is 76979 a multiple of 49?
True
Is 5268210 a multiple of 10?
True
Is 87941 a multiple of 3?
False
Does 35 divide 1420301?
False
Is 201960 a multiple of 88?
True
Is 4 a factor of 3939?
False
Is 1640935 a multiple of 437?
True
Is 111 a factor of 70485?
True
Does 85 divide 306000?
True
Does 142 divide 2928332?
False
Is 81 a factor of 428166?
True
Does 5 divide 26365?
True
Does 52 divide 74828?
True
Is 98054 a multiple of 22?
True
Is 1165500 a multiple of 21?
True
Is 184 a factor of 254770?
False
Is 2864123 a multiple of 356?
False
Does 14 divide 248136?
True
Does 150 divide 1243458?
False
Is 1052428 a multiple of 26?
True
Is 19 a factor of 2129919?
True
Is 248302 a multiple of 10?
False
Is 425304 a multiple of 54?
True
Is 453935 a multiple of 291?
False
Is 614 a factor of 435583?
False
Is 17 a factor of 596020?
True
Is 123176 a multiple of 2?
True
Is 43 a factor of 1625036?
False
Is 517155 a multiple of 15?
True
Is 179 a factor of 23059?
False
Is 74 a factor of 1274206?
True
Is 10 a factor of 3066533?
False
Is 1883790 a multiple of 54?
True
Is 5 a factor of 219630?
True
Is 20 a factor of 52400?
True
Is 8 a factor of 96867?
False
Is 1487700 a multiple of 145?
True
Is 1697480 a multiple of 122?
False
Does 5 divide 27545?
True
Does 11 divide 18161154?
True
Does 3 divide 127551?
True
Is 727560 a multiple of 15?
True
Does 96 divide 899136?
True
Is 9 a factor of 325324?
False
Does 22 divide 59334?
True
Is 234 a factor of 430326?
True
Does 8 divide 7874163?
False
Is 210460 a multiple of 17?
True
Does 72 divide 162648?
True
Is 348 a factor of 3944232?
True
Does 42 divide 16626976?
False
Does 34 divide 175416?
False
Does 1064 divide 4348568?
True
Does 10 divide 20936891?
False
Is 661650 a multiple of 13?
False
Does 58 divide 402258?
False
Does 23 divide 574614?
False
Is 623513 a multiple of 121?
True
Is 366824 a multiple of 8?
True
Does 43 divide 613610?
True
Does 230 divide 139840?
True
Is 89070 a multiple of 6?
True
Is 22 a factor of 5556760?
True
Does 17 divide 20779?
False
Is 243478 a multiple of 194?
False
Is 91 a factor of 77766?
False
Does 172 divide 236952?
False
Is 1839599 a multiple of 19?
True
Is 377954 a multiple of 3?
False
Does 53 divide 22542750?
False
Is 25 a factor of 1147500?
True
Does 47 divide 11722693?
True
Is 357698 a multiple of 62?
False
Does 21 divide 16056?
False
Does 1037 divide 929182?
False
Is 2826552 a multiple of 9?
False
Is 105 a factor of 10738455?
True
Does 14 divide 18728444?
True
Does 74 divide 48174?
True
Does 25 divide 461661?
False
Does 175 divide 1101494?
False
Is 10 a factor of 1672932?
False
Does 506 divide 1474990?
True
Is 2357540 a multiple of 9?
False
Does 31 divide 944441?
False
Is 81944 a multiple of 12?
False
Is 3121182 a multiple of 52?
False
Does 1410 divide 15198390?
True
Is 29 a factor of 1743591?
False
Is 68 a factor of 179292?
False
Is 2843618 a multiple of 1042?
True
Is 1934647 a multiple of 143?
True
Is 40 a factor of 1210920?
True
Is 19888406 a multiple of 7?
False
Does 21 divide 110079?
False
Is 77209 a multiple of 7?
False
Does 45 divide 909560?
False
Is 6148010 a multiple of 174?
False
Is 47 a factor of 891825?
True
Is 1789072 a multiple of 553?
False
Does 501 divide 981928?
False
Is 22 a factor of 693702?
False
Is 959 a factor of 2233776?
False
Is 450335 a multiple of 5?
True
Is 43 a factor of 48145?
False
Is 15 a factor of 43155?
True
Is 58 a factor of 2579840?
True
Is 1336944 a multiple of 6?
True
Does 11 divide 261442?
False
Does 31 divide 265732?
True
Is 14 a factor of 1242430?
True
Does 14 divide 37464?
True
Is 171 a factor of 32319?
True
Is 326 a factor of 71306?
False
Is 293904 a multiple of 108?
False
Is 243 a factor of 2969217?
True
Does 223 divide 49506?
True
Does 315 divide 1031940?
True
Is 197 a factor of 189255?
False
Is 1358693 a multiple of 368?
False
Does 654 divide 74345?
False
Is 243489 a multiple of 11?
False
Is 2679568 a multiple of 10?
False
Is 425 a factor of 238027?
False
Does 19 divide 374205?
True
Is 42597 a multiple of 8?
False
Does 652 divide 5763028?
True
Is 1326438 a multiple of 59?
True
Is 14 a factor of 354704?
True
Does 79 divide 2583501?
False
Is 120 a factor of 200760?
True
Is 346760 a multiple of 40?
True
Is 303954 a multiple of 8?
False
Is 38 a factor of 1596?
True
Is 8 a factor of 383680?
Tr